Dec 01 16:41:18.694 INFO testing giansalex/rust-sample against master#8940af3cea4a9a9deabcaf843b2f8cad9a83fc61 for beta-1.31-5
Dec 01 16:41:18.694 INFO running `"docker" "create" "-v" "/mnt/big/crater/work/local/target-dirs/beta-1.31-5/worker-3/master#8940af3cea4a9a9deabcaf843b2f8cad9a83fc61:/target:rw,Z" "-v" "/mnt/big/crater/work/local/test-source/worker-3/beta-1.31-5/master#8940af3cea4a9a9deabcaf843b2f8cad9a83fc61:/source:ro,Z" "-v" "/mnt/big/crater/work/local/cargo-home:/cargo-home:ro,Z" "-v" "/mnt/big/crater/work/local/rustup-home:/rustup-home:ro,Z" "-e" "USER_ID=1000" "-e" "SOURCE_DIR=/source" "-e" "USER_ID=1000" "-e" "CMD=cargo +8940af3cea4a9a9deabcaf843b2f8cad9a83fc61-alt build --frozen" "-e" "CARGO_TARGET_DIR=/target" "-e" "CARGO_INCREMENTAL=0" "-e" "RUST_BACKTRACE=full" "-e" "RUSTFLAGS=--cap-lints=warn" "-e" "CARGO_HOME=/cargo-home" "-e" "RUSTUP_HOME=/rustup-home" "-m" "1536M" "--network" "none" "crater"`
Dec 01 16:41:19.248 INFO [stdout] 71f3343936f96ded18a40c12232f172c3653a32741492b69f1ff27f7fa16ba0f
Dec 01 16:41:19.250 INFO running `"docker" "start" "-a" "71f3343936f96ded18a40c12232f172c3653a32741492b69f1ff27f7fa16ba0f"`
Dec 01 16:41:21.141 INFO [stderr] usermod: no changes
Dec 01 16:41:21.576 INFO [stderr]    Compiling json v0.11.12
Dec 01 16:41:21.584 INFO [stderr]    Compiling serde_json v1.0.8
Dec 01 16:41:21.600 INFO [stderr]    Compiling hyper v0.10.13
Dec 01 16:41:30.187 INFO [stderr]    Compiling handlebars v0.29.1
Dec 01 16:41:43.539 INFO [stderr]    Compiling hyper-native-tls v0.2.4
Dec 01 16:41:45.138 INFO [stderr]    Compiling requests v0.0.30
Dec 01 16:41:47.639 INFO [stderr]    Compiling hello_cargo v0.1.0 (/source)
Dec 01 16:41:53.348 INFO [stderr]     Finished dev [unoptimized + debuginfo] target(s) in 32.18s
Dec 01 16:41:53.357 INFO [stderr] su: No module specific data is present
Dec 01 16:41:54.025 INFO running `"docker" "inspect" "71f3343936f96ded18a40c12232f172c3653a32741492b69f1ff27f7fa16ba0f"`
Dec 01 16:41:54.325 INFO running `"docker" "rm" "-f" "71f3343936f96ded18a40c12232f172c3653a32741492b69f1ff27f7fa16ba0f"`
Dec 01 16:41:54.690 INFO [stdout] 71f3343936f96ded18a40c12232f172c3653a32741492b69f1ff27f7fa16ba0f
Dec 01 16:41:54.692 INFO running `"docker" "create" "-v" "/mnt/big/crater/work/local/target-dirs/beta-1.31-5/worker-3/master#8940af3cea4a9a9deabcaf843b2f8cad9a83fc61:/target:rw,Z" "-v" "/mnt/big/crater/work/local/test-source/worker-3/beta-1.31-5/master#8940af3cea4a9a9deabcaf843b2f8cad9a83fc61:/source:ro,Z" "-v" "/mnt/big/crater/work/local/cargo-home:/cargo-home:ro,Z" "-v" "/mnt/big/crater/work/local/rustup-home:/rustup-home:ro,Z" "-e" "USER_ID=1000" "-e" "SOURCE_DIR=/source" "-e" "USER_ID=1000" "-e" "CMD=cargo +8940af3cea4a9a9deabcaf843b2f8cad9a83fc61-alt test --frozen --no-run" "-e" "CARGO_TARGET_DIR=/target" "-e" "CARGO_INCREMENTAL=0" "-e" "RUST_BACKTRACE=full" "-e" "RUSTFLAGS=--cap-lints=warn" "-e" "CARGO_HOME=/cargo-home" "-e" "RUSTUP_HOME=/rustup-home" "-m" "1536M" "--network" "none" "crater"`
Dec 01 16:41:55.105 INFO [stdout] b13b9bdcbd0e44172576bab9ee144825f2fdab6cfe874840f2e5efa86e5ba892
Dec 01 16:41:55.119 INFO running `"docker" "start" "-a" "b13b9bdcbd0e44172576bab9ee144825f2fdab6cfe874840f2e5efa86e5ba892"`
Dec 01 16:41:56.069 INFO [stderr] usermod: no changes
Dec 01 16:41:56.211 INFO [stderr]    Compiling hello_cargo v0.1.0 (/source)
Dec 01 16:42:00.548 INFO [stderr]     Finished dev [unoptimized + debuginfo] target(s) in 4.45s
Dec 01 16:42:00.559 INFO [stderr] su: No module specific data is present
Dec 01 16:42:01.381 INFO running `"docker" "inspect" "b13b9bdcbd0e44172576bab9ee144825f2fdab6cfe874840f2e5efa86e5ba892"`
Dec 01 16:42:01.673 INFO running `"docker" "rm" "-f" "b13b9bdcbd0e44172576bab9ee144825f2fdab6cfe874840f2e5efa86e5ba892"`
Dec 01 16:42:02.002 INFO [stdout] b13b9bdcbd0e44172576bab9ee144825f2fdab6cfe874840f2e5efa86e5ba892
Dec 01 16:42:02.005 INFO running `"docker" "create" "-v" "/mnt/big/crater/work/local/target-dirs/beta-1.31-5/worker-3/master#8940af3cea4a9a9deabcaf843b2f8cad9a83fc61:/target:rw,Z" "-v" "/mnt/big/crater/work/local/test-source/worker-3/beta-1.31-5/master#8940af3cea4a9a9deabcaf843b2f8cad9a83fc61:/source:ro,Z" "-v" "/mnt/big/crater/work/local/cargo-home:/cargo-home:ro,Z" "-v" "/mnt/big/crater/work/local/rustup-home:/rustup-home:ro,Z" "-e" "USER_ID=1000" "-e" "SOURCE_DIR=/source" "-e" "USER_ID=1000" "-e" "CMD=cargo +8940af3cea4a9a9deabcaf843b2f8cad9a83fc61-alt test --frozen" "-e" "CARGO_TARGET_DIR=/target" "-e" "CARGO_INCREMENTAL=0" "-e" "RUST_BACKTRACE=full" "-e" "RUSTFLAGS=--cap-lints=warn" "-e" "CARGO_HOME=/cargo-home" "-e" "RUSTUP_HOME=/rustup-home" "-m" "1536M" "--network" "none" "crater"`
Dec 01 16:42:02.388 INFO [stdout] 74e87a1e392bfef3202895257721132ef94f4b6c7112594d787786801853bcb6
Dec 01 16:42:02.391 INFO running `"docker" "start" "-a" "74e87a1e392bfef3202895257721132ef94f4b6c7112594d787786801853bcb6"`
Dec 01 16:42:03.927 INFO [stderr] usermod: no changes
Dec 01 16:42:04.067 INFO [stderr]     Finished dev [unoptimized + debuginfo] target(s) in 0.11s
Dec 01 16:42:04.074 INFO [stderr]      Running /target/debug/deps/hello_cargo-b6ab8d7292b90024
Dec 01 16:42:04.075 INFO [stdout] 
Dec 01 16:42:04.075 INFO [stdout] running 0 tests
Dec 01 16:42:04.075 INFO [stdout] 
Dec 01 16:42:04.075 INFO [stdout] test result: ok. 0 passed; 0 failed; 0 ignored; 0 measured; 0 filtered out
Dec 01 16:42:04.075 INFO [stdout] 
Dec 01 16:42:04.075 INFO [stderr]      Running /target/debug/deps/simple_tests-116e84c279031966
Dec 01 16:42:04.095 INFO [stdout] 
Dec 01 16:42:04.095 INFO [stdout] running 2 tests
Dec 01 16:42:04.095 INFO [stdout] test tests::it_works ... ok
Dec 01 16:42:04.247 INFO [stdout] test tests::requests ... FAILED
Dec 01 16:42:04.247 INFO [stderr] error: test failed, to rerun pass '--test simple-tests'
Dec 01 16:42:04.247 INFO [stdout] 
Dec 01 16:42:04.247 INFO [stderr] su: No module specific data is present
Dec 01 16:42:04.247 INFO [stdout] failures:
Dec 01 16:42:04.247 INFO [stdout] 
Dec 01 16:42:04.247 INFO [stdout] ---- tests::requests stdout ----
Dec 01 16:42:04.247 INFO [stdout] thread 'tests::requests' panicked at 'called `Result::unwrap()` on an `Err` value: Io(Custom { kind: Other, error: StringError("failed to lookup address information: Temporary failure in name resolution") })', libcore/result.rs:1009:5
Dec 01 16:42:04.247 INFO [stdout] stack backtrace:
Dec 01 16:42:04.247 INFO [stdout]    0:     0x559faa0a1b4f - std::sys::unix::backtrace::tracing::imp::unwind_backtrace::h3a8b83e1922cbdde
Dec 01 16:42:04.247 INFO [stdout]                                at libstd/sys/unix/backtrace/tracing/gcc_s.rs:49
Dec 01 16:42:04.247 INFO [stdout]    1:     0x559faa0ab277 - std::sys_common::backtrace::print::h00d3155a29b4020f
Dec 01 16:42:04.247 INFO [stdout]                                at libstd/sys_common/backtrace.rs:71
Dec 01 16:42:04.247 INFO [stdout]                                at libstd/sys_common/backtrace.rs:59
Dec 01 16:42:04.247 INFO [stdout]    2:     0x559faa0a5d4f - std::panicking::default_hook::{{closure}}::hd7465c742e79e1bb
Dec 01 16:42:04.247 INFO [stdout]                                at libstd/panicking.rs:211
Dec 01 16:42:04.247 INFO [stdout]    3:     0x559faa0a5a4e - std::panicking::default_hook::h9e3966f2aa2a6e12
Dec 01 16:42:04.247 INFO [stdout]                                at libstd/panicking.rs:221
Dec 01 16:42:04.247 INFO [stdout]    4:     0x559faa0a642e - std::panicking::rust_panic_with_hook::h587f091ae747d080
Dec 01 16:42:04.247 INFO [stdout]                                at libstd/panicking.rs:476
Dec 01 16:42:04.247 INFO [stdout]    5:     0x559faa0a5fd1 - std::panicking::continue_panic_fmt::hb3a4fdede87f43a8
Dec 01 16:42:04.247 INFO [stdout]                                at libstd/panicking.rs:390
Dec 01 16:42:04.247 INFO [stdout]    6:     0x559faa0a5eb5 - rust_begin_unwind
Dec 01 16:42:04.247 INFO [stdout]                                at libstd/panicking.rs:325
Dec 01 16:42:04.247 INFO [stdout]    7:     0x559faa0e72ac - core::panicking::panic_fmt::h6f9cebf5e7474a0b
Dec 01 16:42:04.247 INFO [stdout]                                at libcore/panicking.rs:77
Dec 01 16:42:04.247 INFO [stdout]    8:     0x559fa9fef7d0 - core::result::unwrap_failed::hae96db606a3072ea
Dec 01 16:42:04.247 INFO [stdout]                                at libcore/macros.rs:26
Dec 01 16:42:04.247 INFO [stdout]    9:     0x559fa9f6782d - <core::result::Result<T, E>>::unwrap::hf558c805133803fe
Dec 01 16:42:04.247 INFO [stdout]                                at libcore/result.rs:808
Dec 01 16:42:04.247 INFO [stdout]   10:     0x559fa9f64467 - simple_tests::tests::requests::h63d6a60df7576e8b
Dec 01 16:42:04.247 INFO [stdout]                                at tests/simple-tests.rs:12
Dec 01 16:42:04.247 INFO [stdout]   11:     0x559fa9f64409 - simple_tests::tests::requests::{{closure}}::h005ce6ad202dc2bc
Dec 01 16:42:04.247 INFO [stdout]                                at tests/simple-tests.rs:11
Dec 01 16:42:04.247 INFO [stdout]   12:     0x559fa9f652fd - core::ops::function::FnOnce::call_once::h786a91944d959182
Dec 01 16:42:04.247 INFO [stdout]                                at libcore/ops/function.rs:238
Dec 01 16:42:04.247 INFO [stdout]   13:     0x559fa9f69bee - <F as alloc::boxed::FnBox<A>>::call_box::hac903f91577a156c
Dec 01 16:42:04.247 INFO [stdout]                                at libtest/lib.rs:1468
Dec 01 16:42:04.247 INFO [stdout]                                at libcore/ops/function.rs:238
Dec 01 16:42:04.247 INFO [stdout]                                at liballoc/boxed.rs:672
Dec 01 16:42:04.247 INFO [stdout]   14:     0x559faa0b6229 - __rust_maybe_catch_panic
Dec 01 16:42:04.247 INFO [stdout]                                at libpanic_unwind/lib.rs:102
Dec 01 16:42:04.247 INFO [stdout]   15:     0x559fa9f8b842 - std::sys_common::backtrace::__rust_begin_short_backtrace::hb8f0d0309526c184
Dec 01 16:42:04.247 INFO [stdout]                                at libstd/panicking.rs:289
Dec 01 16:42:04.247 INFO [stdout]                                at libstd/panic.rs:392
Dec 01 16:42:04.247 INFO [stdout]                                at libtest/lib.rs:1423
Dec 01 16:42:04.247 INFO [stdout]                                at libstd/sys_common/backtrace.rs:136
Dec 01 16:42:04.247 INFO [stdout]   16:     0x559fa9f8c2f4 - std::panicking::try::do_call::hc2f7c8b9a348d8db
Dec 01 16:42:04.247 INFO [stdout]                                at libstd/thread/mod.rs:409
Dec 01 16:42:04.247 INFO [stdout]                                at libstd/panic.rs:313
Dec 01 16:42:04.247 INFO [stdout]                                at libstd/panicking.rs:310
Dec 01 16:42:04.247 INFO [stdout]   17:     0x559faa0b6229 - __rust_maybe_catch_panic
Dec 01 16:42:04.247 INFO [stdout]                                at libpanic_unwind/lib.rs:102
Dec 01 16:42:04.247 INFO [stdout]   18:     0x559fa9f7952c - <F as alloc::boxed::FnBox<A>>::call_box::h6bfded618e480b32
Dec 01 16:42:04.247 INFO [stdout]                                at libstd/panicking.rs:289
Dec 01 16:42:04.247 INFO [stdout]                                at libstd/panic.rs:392
Dec 01 16:42:04.247 INFO [stdout]                                at libstd/thread/mod.rs:408
Dec 01 16:42:04.247 INFO [stdout]                                at liballoc/boxed.rs:672
Dec 01 16:42:04.247 INFO [stdout]   19:     0x559faa0a3a3d - std::sys_common::thread::start_thread::h4c28257d67cdf9cb
Dec 01 16:42:04.247 INFO [stdout]                                at liballoc/boxed.rs:682
Dec 01 16:42:04.247 INFO [stdout]                                at libstd/sys_common/thread.rs:24
Dec 01 16:42:04.247 INFO [stdout]   20:     0x559faa096e75 - std::sys::unix::thread::Thread::new::thread_start::hfecb2e7eff8fd34f
Dec 01 16:42:04.247 INFO [stdout]                                at libstd/sys/unix/thread.rs:90
Dec 01 16:42:04.247 INFO [stdout]   21:     0x7f6e435256b9 - start_thread
Dec 01 16:42:04.247 INFO [stdout]   22:     0x7f6e4304541c - clone
Dec 01 16:42:04.247 INFO [stdout]   23:                0x0 - <unknown>
Dec 01 16:42:04.247 INFO [stdout] 
Dec 01 16:42:04.247 INFO [stdout] 
Dec 01 16:42:04.247 INFO [stdout] failures:
Dec 01 16:42:04.247 INFO [stdout]     tests::requests
Dec 01 16:42:04.247 INFO [stdout] 
Dec 01 16:42:04.247 INFO [stdout] test result: FAILED. 1 passed; 1 failed; 0 ignored; 0 measured; 0 filtered out
Dec 01 16:42:04.247 INFO [stdout] 
Dec 01 16:42:05.283 INFO running `"docker" "inspect" "74e87a1e392bfef3202895257721132ef94f4b6c7112594d787786801853bcb6"`
Dec 01 16:42:05.627 INFO running `"docker" "rm" "-f" "74e87a1e392bfef3202895257721132ef94f4b6c7112594d787786801853bcb6"`
Dec 01 16:42:06.079 INFO [stdout] 74e87a1e392bfef3202895257721132ef94f4b6c7112594d787786801853bcb6
